= -0 - 2. Let m be 74 - ((-5)/10)/(w/8). What is the greatest common divisor of m and 36?
36
Suppose 4*j = 146 + 134. Suppose 8 = -f + 2*m - 7, -5*f - 15 = 2*m. Let t be 11 + 1 + (2 + f - -5). What is the greatest common factor of j and t?
14
Let y(j) be the third derivative of 13*j**4/24 - 17*j**3/3 + 29*j**2. Let b be y(8). Calculate the highest common factor of 14 and b.
14
Let d be (-50)/(-4)*(-12)/15. Let r = d + 21. Suppose -11 = 6*t - 7*t. Calculate the highest common factor of t and r.
11
Suppose -13*i = -8*i - 185. Let r = i + -32. What is the highest common divisor of 5 and r?
5
Let o = 81 - 36. Let m = 71 - o. Suppose -m - 34 = -5*i. Calculate the greatest common factor of 18 and i.
6
Let k = 103 - -25. Suppose 25 = -6*j + 1. Let s = 20 + j. What is the greatest common divisor of k and s?
16
Suppose 1 = -4*h + h - 4*j, 5*h = -4*j - 7. Let n = h + 7. Suppose 26 = z - n. Calculate the greatest common factor of z and 6.
6
Suppose -4*b = -4*i + 7*i - 3797, 0 = 2*i + 2. Calculate the highest common divisor of 50 and b.
50
Let o(i) = -i**2 + 43*i - 167. Let l be o(38). What is the greatest common divisor of 713 and l?
23
Suppose 0 = 5*f - 3*f + 46. Let o = f + 19. Let v = o - -13. What is the greatest common factor of v and 1?
1
Suppose -11*q + 10*q + 4 = 0. Suppose 9*r - q*r - 10 = -5*p, 3*r = 2*p - 4. Suppose 0*u + u - 7 = r. What is the highest common divisor of 28 and u?
7
Let k(x) = -x**3 - 10*x**2 - 27*x + 8. Let l be k(-4). What is the highest common divisor of 1620 and l?
20
Let j(h) be the third derivative of h**6/120 - h**5/60 - h**4/24 + 9*h**3/2 + 19*h**2. Let p be j(0). What is the greatest common divisor of 297 and p?
27
Let y be 2 - (134/(-3))/((-5)/(-15)). What is the greatest common factor of 8 and y?
8
Let f be (1 - 2)*0/(-11). Suppose f*z + 396 = 4*z. Let i(s) = s**3 - 7*s**2 - 7*s + 3. Let l be i(8). What is the greatest common divisor of z and l?
11
Suppose 3*s - 41*f = -42*f + 1054, 0 = -4*f - 8. Calculate the greatest common factor of 66 and s.
22
Suppose -107*t - 3120 = -123*t. What is the highest common divisor of t and 104?
13
Let u = -969 - -1005. Calculate the greatest common divisor of u and 396.
36
Suppose -222 - 228 = -5*n + 3*o, 0 = -4*n + 5*o + 347. What is the highest common factor of n and 93?
93
Suppose -z - z = 0, 0 = -x - 2*z + 192. Let m = x + -108. Calculate the highest common factor of m and 12.
12
Let w(y) = 145*y**2 - y. Suppose -2*t = -4*t + 6. Suppose 0 = t*x - 11 + 8. Let r be w(x). Calculate the highest common divisor of r and 16.
16
Suppose 0 = 23*q - 209 + 25. Suppose 3*s - 40 - 8 = 0. What is the highest common factor of q and s?
8
Let g(r) = -r**3 + 4*r**2 + 6*r - 3. Let y be g(5). Suppose 5*d - 15 = 0, k - 2*d + 3*d - 5 = 0. Calculate the greatest common divisor of k and y.
2
Let t(z) = z**2 - 20*z + 11. Let n be t(20). What is the highest common factor of 693 and n?
11
Let o(m) be the second derivative of m**4/12 - m**3/3 - 5*m**2/2 - 13*m. Let c be o(5). Calculate the highest common factor of 100 and c.
10
Let c = 21 - 3. Suppose c = 13*t - 7*t. What is the highest common divisor of t and 21?
3
Suppose j = -c - 2, -2 = 2*j - c + 5. Let k be 2/((-1851)/615 - j). Let n be k/(-30) - 2/(-12). What is the highest common factor of n and 7?
7
Let y = -11 + 22. Suppose 0 = -108*z + 97*z + 1331. Calculate the highest common factor of y and z.
11
Suppose 352*g = 347*g + 3520. Calculate the highest common divisor of g and 44.
44
Let m(t) = 15*t + 53. Let q be m(-3). What is the greatest common divisor of q and 16?
8
Let z = -17 + 21. Suppose w - 3*x + x - 17 = 0, z*x = 4*w - 48. Let v(h) = -h**2 - h + 77. Let a be v(0). What is the greatest common divisor of a and w?
7
Suppose 5*p = 105 - 25. What is the highest common divisor of 16 and p?
16
Let t = 1 + 3. Suppose -15 - t = -x - 5*z, 4*x - 2*z - 54 = 0. Let f = x + -6. What is the highest common factor of 88 and f?
8
Suppose t - m + 310 = 4*t, -416 = -4*t - 2*m. Let y be 34/7*(-5418)/(-172). Calculate the greatest common factor of t and y.
51
Let q be (-1045)/(-35) + -4 - 13/(-91). Calculate the greatest common divisor of 702 and q.
26
Let u be (1 + 0 - -1)*(22 - 17). Let x be (8/u)/((-32)/(-240)). Calculate the highest common divisor of x and 18.
6
Let q be ((-20)/(-25))/(10/25). Suppose 3*n = -2*v + 3*v - 66, 250 = 4*v + q*n. What is the greatest common divisor of v and 7?
7
Suppose 70*z - 13024 = 54*z. Calculate the highest common divisor of z and 44.
22
Suppose -4*q = 5*w - 117, 13*w = -2*q + 10*w + 57. Calculate the highest common divisor of 33 and q.
33
Suppose -r = 2*r + 4*o - 151, -4*o - 191 = -3*r. Let a = r - 40. Suppose a = 4*b + 5. What is the highest common divisor of b and 21?
3
Let n be ((-25)/(-20))/((-2)/24). Let f = n + 28. Let o be (182/4)/(28/(-8) - -4). What is the greatest common factor of f and o?
13
Let m(z) = -12*z - 6. Suppose 0 = -a - 3. Let r be m(a). Suppose -5 = 5*d - 65. Calculate the greatest common divisor of d and r.
6
Let m(u) = -u**2 - u - 2. Let y be m(0). Let z(k) = -2*k - 2. Let v be z(y). What is the highest common divisor of v and 18?
2
Suppose -o - o = 68. Let m be (-12)/(9/3) - -68. Let b = o + m. What is the greatest common divisor of b and 20?
10
Suppose 764 = 103*k + 146. What is the highest common divisor of k and 129?
3
Suppose -k = -6*k - 4*x + 1662, 5*x = 3*k - 975. Calculate the highest common divisor of k and 20.
10
Let b = 1243 + -483. Suppose 4*h + b = -h. Let r = -103 - h. Calculate the highest common divisor of 7 and r.
7
Suppose 3*m - 4*b - 215 = 0, 4*m - 20*b + 24*b - 240 = 0. Calculate the greatest common divisor of m and 468.
13
Suppose 0*n - n + 44 = 3*i, 4*i + 4*n = 64. Let z(v) = -v**2 + 31*v + 42. Let y be z(0). Calculate the greatest common divisor of y and i.
14
Let u = -4 - -9. Let h be (u - -2) + 1 + -2. Let z = -8 - -56. Calculate the greatest common factor of z and h.
6
Suppose 4*y - 30 = -3*o + 4, -3*o - 5*y + 32 = 0. Suppose -6*t + 58 = -o. What is the highest common factor of 9 and t?
3
Suppose 3*w - 110 = -5*b, -3*w - 62 = -3*b + 28. Let s(r) = -3*r + 8. Let f be s(3). Let o = 74 - f. What is the greatest common divisor of b and o?
25
Suppose -4*b - 7*s = -11*s - 24, 4*s + 6 = 2*b. What is the greatest common divisor of b and 48?
3
Let u be 112/7 - 8/(-2). Calculate the highest common factor of u and 220.
20
Suppose 2*k - 826 = 5*c, 0 = 4*k - 2*k - 2*c - 820. What is the greatest common divisor of 24 and k?
24
Let x = -560 + 637. Calculate the greatest common factor of 385 and x.
77
Let i(q) = 16 - 8*q + 40*q**3 + 37*q**3 - 78*q**3 - 11*q**2 - q. Let g be i(-10). Calculate the highest common factor of 9 and g.
3
Suppose r = 68 - 48. Calculate the greatest common factor of r and 290.
10
Let w be (3/(-9))/((-2)/(-138)). Let l = w - -138. Let i(d) = -45*d + 1. Let y be i(-1). What is the greatest common divisor of y and l?
23
Let z(n) = n**2 - 12*n + 44. Let g be z(8). Calculate the highest common divisor of 204 and g.
12
Suppose 85*r = 3*o + 88*r - 552, -2*r = 0. Calculate the highest common divisor of 598 and o.
46
Suppose 4*p - 4*a - 48 = 152, -5*a + 200 = 4*p. Let z = -9 + 19. Calculate the highest common divisor of p and z.
10
Let h be (-1894)/(-18) - 10/45. Suppose -106 = -p - 22. Suppose -l - l = -p. Calculate the highest common divisor of h and l.
21
Let j be -12*1/(-3) - -11. Calculate the greatest common divisor of j and 375.
15
Let r be (-2 + 2 - 2) + 0. Let k = r - -2. Suppose k*w - 4*w = -24. What is the greatest common divisor of 24 and w?
6
Let k be 4*(-8)/160 - 342/(-10). Calculate the highest common divisor of 119 and k.
17
Suppose 0*z - 168 = -g + 4*z, -3*g - 4*z = -568. Calculate the greatest common divisor of 56 and g.
8
Suppose -2*w = 5*w - 336. Let t = w + -40. What is the highest common factor of 104 and t?
8
Suppose -64 = -3*g - 6*a + a, 0 = -2*g + a + 34. What is the greatest common factor of g and 63?
9
Let a = -720 - -739. Calculate the highest common factor of 209 and a.
19
Let r be (-78)/(-12)*(70 - 2). Let a be r/4 + (-10)/20. What is the greatest common factor of a and 44?
22
Suppose 0*j = n + 3*j - 1030, -j = -n + 1046. Suppose 2*g = -5*q + n, 0 = -0*q - 4*q + 4*g + 828. Calculate the highest common factor of q and 13.
13
Let x = -2 - -26.